{"id":3184,"date":"2024-02-11T00:10:16","date_gmt":"2024-02-11T00:10:16","guid":{"rendered":"https:\/\/auroradesio.it\/?page_id=3184"},"modified":"2024-02-11T00:10:17","modified_gmt":"2024-02-11T00:10:17","slug":"trofeo-della-mamma-2020-virtual-covid-edition","status":"publish","type":"page","link":"https:\/\/auroradesio.it\/?page_id=3184","title":{"rendered":"Trofeo Della Mamma 2020-Virtual Covid Edition"},"content":{"rendered":"\n<h3 class=\"wp-block-heading\">L&#8217;emergenza sanitaria ha reso pi\u00f9 difficili le cose ma l&#8217;obbiettivo era troppo forte per farci rinunciare. \u00c8 troppo importante poter giocare a basket, farlo con gli amici e condividere il ricordo di una mamma speciale: <strong>Federica<\/strong>.<br>Ecco perch\u00e8 siamo orgogliosi di poter organizzare nuovamente il torneo seppure in modalit\u00e0 virtuale.<br>Non conta in questo momento chi vince o chi perde, come o dove si disputi, ci\u00f2 che conta \u00e8 farlo insieme spinti dalla passione ed il rispetto per questo meraviglioso sport che ci unisce anche se distanti.<br>Un sincero ringraziamento alla famiglia Olmi per consentirci di condividere il ricordo di Federica, un abbraccio a tutte le mamme del mondo ed un grande in bocca al lupo ad ogni singolo atleta che oggi disputer\u00e0 personalmente la sua prima partita virtuale.<br>Doveroso il ringraziamento alle societ\u00e0 sportive che hanno accolto il nostro invito per questa nuova ed avvincente partita.<br><strong>Buon Divertimento!<\/strong><\/h3>\n\n\n\n<p><strong>SQUADRE<\/strong><\/p>\n\n\n\n<p><strong>Pallacanestro Aurora Desio<\/strong><\/p>\n\n\n\n<p><strong>Sanga Milano<\/strong><\/p>\n\n\n\n<p><strong>Basket Cernusco<\/strong><\/p>\n\n\n\n<p><strong>Corsari San Giuliano<\/strong><\/p>\n","protected":false},"excerpt":{"rendered":"<p>L&#8217;emergenza sanitaria ha reso pi\u00f9 difficili le cose ma l&#8217;obbiettivo era troppo forte per farci rinunciare. \u00c8 troppo importante poter<\/p>\n","protected":false},"author":1,"featured_media":0,"parent":0,"menu_order":0,"comment_status":"closed","ping_status":"closed","template":"","meta":{"colormag_page_container_layout":"default_layout","colormag_page_sidebar_layout":"default_layout","footnotes":""},"class_list":["post-3184","page","type-page","status-publish","hentry"],"_links":{"self":[{"href":"https:\/\/auroradesio.it\/index.php?rest_route=\/wp\/v2\/pages\/3184","targetHints":{"allow":["GET"]}}],"collection":[{"href":"https:\/\/auroradesio.it\/index.php?rest_route=\/wp\/v2\/pages"}],"about":[{"href":"https:\/\/auroradesio.it\/index.php?rest_route=\/wp\/v2\/types\/page"}],"author":[{"embeddable":true,"href":"https:\/\/auroradesio.it\/index.php?rest_route=\/wp\/v2\/users\/1"}],"replies":[{"embeddable":true,"href":"https:\/\/auroradesio.it\/index.php?rest_route=%2Fwp%2Fv2%2Fcomments&post=3184"}],"version-history":[{"count":1,"href":"https:\/\/auroradesio.it\/index.php?rest_route=\/wp\/v2\/pages\/3184\/revisions"}],"predecessor-version":[{"id":3185,"href":"https:\/\/auroradesio.it\/index.php?rest_route=\/wp\/v2\/pages\/3184\/revisions\/3185"}],"wp:attachment":[{"href":"https:\/\/auroradesio.it\/index.php?rest_route=%2Fwp%2Fv2%2Fmedia&parent=3184"}],"curies":[{"name":"wp","href":"https:\/\/api.w.org\/{rel}","templated":true}]}}